314*t**2 + 690*t + 22924. Calculate q(-35).
-1
Let y(o) = o**3 + 44*o**2 + 172*o - 104. Give y(-41).
-2113
Let i(j) = j**2 + 1722*j - 70525. Determine i(40).
-45
Let l(g) = -9504*g - 475195. What is l(-50)?
5
Let w(s) = s**3 - 24*s**2 - 309*s + 607. Calculate w(28).
-4909
Let h(v) = -v**2 - 42*v + 486. What is h(-60)?
-594
Let a(c) = -c**3 - 601*c**2 - 4737*c + 4176. What is a(-593)?
25
Let w(l) = 3*l**3 + 128*l**2 + 161*l + 3223. What is w(-42)?
-11
Let b(w) = 61*w**2 + 96*w + 387. Determine b(-4).
979
Let r(h) = -3*h**3 + 38364*h**2 - 230071*h - 7. Calculate r(6).
23
Let k(i) = -117*i**2 - 1139*i - 2272. Determine k(-2).
-462
Let l(p) = 18*p**3 + 6*p**2 - 11*p - 44. Calculate l(-2).
-142
Let j(y) = -37*y + 726. What is j(5)?
541
Let n(k) = -k**3 - 3211*k**2 + 71149*k - 502. Calculate n(22).
4
Let k(s) = 2*s**3 - 216*s**2 + 126*s + 9404. Determine k(107).
-12
Let o(f) = -2415*f + 1704994. What is o(706)?
4
Let h(u) = u**3 - 41*u**2 + 161*u - 7004. Give h(39).
-3767
Let z(u) = 3*u**3 - 424*u**2 + 153*u - 1707. What is z(141)?
-15
Let k(f) = f**2 + 172*f + 7141. Calculate k(-71).
-30
Let x(m) = m**2 + 35*m - 7985. Calculate x(-109).
81
Let g(u) = 879*u**3 - 6*u**2 - 39*u + 43. Calculate g(1).
877
Let b(f) = 3*f**2 + 376*f + 6141. Calculate b(-106).
-7
Let y(k) = 2*k**3 + 123*k**2 - 436*k + 1234. Determine y(-65).
-1
Let j(y) = y**3 + 10*y**2 - 686*y + 2607. Determine j(4).
87
Let x(p) = -p**2 - 749*p - 34353. Calculate x(-700).
-53
Let p(t) = -4345*t - 8752. What is p(-2)?
-62
Let s(y) = -15*y**2 + 488*y + 49. Give s(34).
-699
Let m(g) = -105*g + 970. Calculate m(15).
-605
Let t(m) = 2*m**3 - 102*m**2 - 952*m + 547. Give t(59).
75
Let a(c) = 2*c**2 - 1631*c - 263166. Determine a(-138).
0
Let b(r) = r**2 - 2613*r - 65945. Give b(-25).
5
Let u(n) = -7*n**3 + 509*n**2 - 357*n - 375. Determine u(72).
-159
Let z(f) = -3*f**3 + 180*f**2 + 246*f - 14797. Calculate z(60).
-37
Let y(r) = r**3 - 45*r**2 - 5*r - 1063. Calculate y(44).
-3219
Let f(a) = -698*a - 62125. Determine f(-89).
-3
Let k(f) = -185*f - 11096. What is k(-60)?
4
Let p(n) = n**3 + 155*n**2 + 3887*n + 29361. Give p(-126).
3
Let q(z) = 321*z - 41988. Determine q(130).
-258
Let g(v) = 3115*v**2 + 140143*v - 1450. Give g(-45).
-10
Let z(k) = 10*k**3 + 81*k**2 + 64*k + 35. Calculate z(-7).
126
Let a(t) = -18019*t + 108429. Calculate a(6).
315
Let z(y) = y**3 - 181*y**2 - 349*y + 30148. Determine z(182).
-246
Let h(x) = 156*x**2 - 1715*x + 47. Give h(11).
58
Let r(u) = -2*u**3 + 42*u**2 + 47*u + 73. Calculate r(22).
139
Let h(z) = -z**3 + 49*z**2 + 7801*z - 116079. Give h(14).
-5
Let g(x) = -341*x + 4187. Determine g(11).
436
Let o(i) = -26*i**3 - 66*i**2 + 177*i + 84. Calculate o(3).
-681
Let t(o) = 23*o + 1797. Give t(-42).
831
Let q(i) = 30446*i - 700265. Give q(23).
-7
Let j(z) = -z**3 + 14*z**2 + 115*z - 1694. Give j(12).
-26
Let m(g) = 27*g**2 + 789*g + 137. Calculate m(-29).
-37
Let z(a) = 43296*a - 1039118. Calculate z(24).
-14
Let k(s) = 3008*s + 3010. Determine k(-1).
2
Let c(s) = -3813*s + 102886. Calculate c(27).
-65
Let g(l) = 45093*l - 225520. What is g(5)?
-55
Let a(k) = -5366*k + 214645. What is a(40)?
5
Let a(k) = -87939*k + 703519. Calculate a(8).
7
Let m(u) = u**3 - 31*u**2 + 262*u - 1122. Calculate m(7).
-464
Let v(c) = c**2 + 24133*c + 265339. What is v(-11)?
-3
Let q(o) = -4*o**3 - 52*o**2 + 786*o + 64. Give q(9).
10
Let r(x) = -384*x**3 + 8*x**2 - 157*x + 150. What is r(1)?
-383
Let z(f) = 1865*f + 182665. Calculate z(-98).
-105
Let o(s) = 19*s**3 - 169*s**2 - 162*s + 1311. Calculate o(9).
15
Let w(d) = -62289*d + 747551. Determine w(12).
83
Let d(b) = 3*b**2 - 260*b - 2196. Give d(-8).
76
Let z(o) = -40566*o**2 + 2109431*o + 33. Calculate z(52).
-19
Let p(u) = 184*u - 81322. Calculate p(442).
6
Let w(p) = -198*p**2 + 2953*p - 85. Determine w(15).
-340
Let z(a) = -3*a**3 - 118*a**2 + 121*a - 3432. Give z(-41).
12
Let x(q) = -143*q + 17689. Give x(127).
-472
Let f(n) = -10*n**2 - 101*n - 643. Give f(-6).
-397
Let d(x) = -15*x**3 - 444*x - 1756. Give d(-4).
980
Let r(z) = -390*z**2 - 38*z - 15. What is r(2)?
-1651
Let r(n) = 7*n**2 + 2136*n + 8457. Calculate r(-4).
25
Let h(m) = 3849*m + 46180. Give h(-12).
-8
Let p(v) = -2979*v + 62507. Determine p(21).
-52
Let d(n) = 5*n**3 + 10*n**2 + 230*n - 532. Determine d(2).
8
Let z(h) = 800211*h - 5601466. Give z(7).
11
Let s(i) = 2*i**2 - 129921*i - 779579. Give s(-6).
19
Let s(y) = 2620*y + 89085. Give s(-34).
5
Let h(g) = 272*g + 8943. Determine h(-33).
-33
Let i(u) = -u**3 + 35*u**2 + 101*u + 19. Give i(0).
19
Let f(o) = 2*o**2 - 6377*o + 183247. Calculate f(29).
-4
Let u(y) = y**3 + 31*y**2 - 301*y - 9244. Calculate u(-31).
87
Let x(o) = -3*o**3 - 89*o**2 + 344*o - 9. Determine x(-33).
-471
Let t(w) = 1215*w - 3474. What is t(2)?
-1044
Let i(h) = -2*h**2 + 16*h - 86. Give i(11).
-152
Let a(f) = -4064*f + 20699. What is a(5)?
379
Let d(r) = 43411*r + 955039. Determine d(-22).
-3
Let i(h) = h**3 + 4*h**2 - 586*h - 2903. Give i(-5).
2
Let w(o) = o**3 + 32*o**2 - 1356*o - 22497. Give w(-14).
15
Let g(c) = c**3 - 170*c**2 + 5344*c + 1338. What is g(42)?
-6
Let k(n) = -n**3 - 44*n**2 + 143*n - 425. Give k(-47).
-519
Let x(g) = -6*g**3 + 303*g**2 - 111*g - 1940. Calculate x(50).
10
Let t(i) = 4*i**3 - 783*i**2 + 632*i - 9146. Calculate t(195).
19
Let o(y) = -2*y**3 - y**2 + 43*y + 9. Calculate o(6).
-201
Let f(u) = 2*u**3 + 117*u**2 + 191*u + 1176. What is f(-57)?
36
Let m(d) = -267*d - 18365. What is m(-69)?
58
Let c(p) = 4*p**3 - 352*p**2 + 479*p - 42173. What is c(88)?
-21
Let c(v) = -2*v**3 - 222*v**2 - 6085*v - 579. What is c(-62)?
-21
Let x(r) = 32665*r - 653295. Give x(20).
5
Let h(a) = -a**3 - 509*a**2 - 1273*a + 714. Determine h(-3).
-21
Let r(l) = 8*l**2 + 9*l + 74. What is r(0)?
74
Let s(o) = 4*o**2 - 791*o + 29568. What is s(50)?
18
Let w(l) = -3*l**2 + 3773*l + 3786. What is w(-1)?
10
Let b(i) = -i**2 + 732*i + 32505. Calculate b(-42).
-3
Let m(k) = 12708*k + 254189. What is m(-20)?
29
Let x(d) = 1800*d + 4269. Calculate x(-4).
-2931
Let p(o) = -510983*o + 8175765. What is p(16)?
37
Let k(f) = 2*f**2 - 90*f + 1123. Give k(30).
223
Let b(o) = -29474*o - 5894799. What is b(-200)?
1
Let r(o) = -3*o**3 + 143*o**2 + 220*o - 261. Calculate r(49).
915
Let o(l) = -229*l + 1090. What is o(4)?
174
Let g(z) = 77*z - 2695. Give g(68).
2541
Let x(u) = 31748*u + 63455. Give x(-2).
-41
Let u(i) = -2*i**2 + 1775*i + 103678. Calculate u(-55).
3
Let v(p) = -55*p + 6986. Give v(122).
276
Let t(f) = 2402*f**3 - 26*f**2 - 18*f + 8. Calculate t(-1).
-2402
Let v(g) = -g**3 - 8*g**2 + 972*g + 35. Determine v(28).
-973
Let t(u) = -116*u**3 - 26*u**2 - 73*u - 59. Determine t(-4).
7241
Let u(t) = -895*t - 6164. Determine u(-5).
-1689
Let j(m) = -391*m - 6162. Give j(-16).
94
Let o(v) = 16527*v - 4726730. Give o(286).
-8
Let f(v) = 60*v**2 + 7190*v - 1309. Determine f(-120).
-109
Let m(f) = 3*f**3 - 1290*f**2 + 1310*f - 9900. Determine m(429).
-33
Let h(n) = -n**2 + 122*n - 3463. Give h(80).
-103
Let y(p) = 6*p**2 + 395*p + 4701. Calculate y(-52).
385
Let d(r) = -112830*r - 25612407. Calculate d(-227).
3
Let a(b) = -b**3 + 69*b**2 - 296*b + 25479. Calculate a(70).
-141
Let m(p) = p**3 + 241*p**2 - 1064*p - 20713. Determine m(-245).
-133
Let q(t) = 1061*t + 23324. Give q(-22).
-18
Let c(d) = 142*d**2 + 64320*d - 2717. What is c(-453)?
1
Let y(r) = r**3 + 29*r**2 + 33*r - 7. Calculate y(-27).
560
Let r(s) = s**3 - 179*s**2 - 537*s - 35628. What is r(183)?
57
Let p(t) = t**3 + 146*t**2 - 1566*t + 59. What is p(10)?
-1
Let d(z) = z**3 + 85*z**2 - 346*z - 7136. Give d(-88).
80
Let h(l) = -3773*l + 83091. Calculate h(22).
85
Let h(l) = 288*l + 85360. Determine h(-296).
112
Let f(q) = -6*q**2 + 3308*q - 45143. Calculate f(14).
-7
Let f(b) = b**2 - 220*b + 6648. Calculate f(34).
324
Let a(v) = 2*v**2 + 1375*v + 39452. Calculate a(-30).
2
Let k(c) = 2*c**3 + 10*c**2 + 3*c + 23. Give k(-6).
-67
Let y(d) = -6*d**3 - 49*d**2 - 2280*d - 13239. What is y(-6)?
-27
Let f(d) = -38242*d + 1797383. Calculate f(47).
9
Let a(s) = s**3 + 456*s**2 - 9014*s - 24. What is a(19)?
185
Let k(i) = 433*i**2 + 3812*i - 771. Determine k(-9).
-6
Let z(x) = 11*x**2 - 424*x + 103. Determine z(39).
298
Let x(v) = -260*v + 37457. Determine x(144).
17
Let k(y) = 631*y + 6513. Ca